 (-18)/(10/(-3) + 3). Let l = a + -49. Suppose -3*k - 2*f + 146 + 27 = 0, 4*k - l*f - 246 = 0. What is the remainder when 112 is divided by k?
53
Let z(l) = -2*l - 2. Let m be z(-2). Suppose c + 2*w - 43 = 0, -m*c + 2*w = c - 161. What is the remainder when c is divided by 40?
11
Let j = -35 - -29. What is the remainder when -1 - (618/(-14) - (-5)/35) is divided by (4/j)/((-2)/48)?
11
Let f(h) = 3*h**3 + 44*h**2 - 198*h - 18. Suppose -2*v = 6, -2*v - 2*v - 51 = -3*y. What is the remainder when f(5) is divided by y?
12
Let o(s) = -s + 15. Let d be o(13). Suppose 3*p - 198 = -3*x - 2*x, d*p - 76 = -2*x. Calculate the remainder when x is divided by 92/30*-3*10/(-4).
19
Calculate the remainder when 115 - ((-1 - 9) + 1) is divided by 116.
8
Let y(d) = -4*d**3 - 3*d**2 + 2*d - 2. Let x be y(3). Let v = x + 206. What is the remainder when v is divided by (4*(-15)/(-40))/(3/26)?
10
Let q(y) = -5*y - 801. Let u(j) = j + 266. Let v(r) = -6*q(r) - 17*u(r). Let a(p) = 23*p**2 + 2. Calculate the remainder when a(2) is divided by v(-20).
22
Suppose -82*m = -88*m + 1680. Calculate the remainder when m is divided by 29.
19
Let d = -157 - -157. Suppose d = 5*g - 125 - 185. Calculate the remainder when g is divided by 21.
20
Let v(d) = -3*d**2 + 49*d + 17. Let x be (1 + 8/12)*9. Calculate the remainder when v(x) is divided by 10.
7
Let u(w) = 111 - 7*w - 2*w - 2*w + 3*w. What is the remainder when u(0) is divided by 40?
31
Let z(q) = -242*q - 6232. Calculate the remainder when z(-27) is divided by 109.
84
Suppose -3 = -9*j + 8*j, j - 3 = -2*t. Suppose 3*v + 3*c - 207 = t, 3*v + 3*c = 6*v - 207. Calculate the remainder when v is divided by 28.
13
Suppose -2*q = g + 12, -2*q - 6*g - 12 = -g. Let y(j) = 2*j**2 + 2*j - 1. Suppose -12*b + 292 = 52. Calculate the remainder when y(q) is divided by b.
19
Suppose 26*a + 761 + 3919 = 0. Let t = 187 + a. What is the remainder when 61 is divided by t?
5
Let t = 212 - -171. Suppose 0 = 385*d - t*d - 352. Calculate the remainder when d is divided by 16.
0
What is the remainder when 23373 is divided by ((-2)/(-3) + -4 + 4)/((-4)/(-1446))?
237
Let a(i) be the second derivative of -i**5/20 + 31*i**4/12 - 10*i**3 + 21*i**2 + 272*i. Calculate the remainder when a(28) is divided by 65.
64
Let u(i) = 6*i**2 - 216*i - 188. What is the remainder when u(39) is divided by 16?
2
Suppose 1656*m = 1651*m + 16235. Calculate the remainder when m is divided by 65.
62
Suppose 3*i - 153 = -144. Suppose -i*w - 21 + 42 = 0. Calculate the remainder when 95 is divided by w.
4
Calculate the remainder when (-128)/(-5) - (-4)/10 is divided by 4284/468 - (14/7 - (-48)/(-26)).
8
Let v = -108 - -111. Let i(h) = -5*h + 30. Let s be i(v). Suppose 10*w = s*w - 265. Calculate the remainder when w is divided by 12.
5
Let g = 3769 + -1737. Suppose 56*k - g = 40*k. What is the remainder when k is divided by 13?
10
Let g(s) = 7 - 14*s - 6 + 2*s - 7*s. Let k(w) = -w**3 - 9*w**2 + 10*w + 15. Calculate the remainder when g(-2) is divided by k(-10).
9
Let f(l) = -l**3 + 11*l**2 - 13*l + 4. Let b be (4 + (-15)/6)*(-20)/(-3). Let c = 19 - b. What is the remainder when f(c) is divided by 18?
13
Suppose z - 63 = 2*m, 4*m - 17*z = -12*z - 135. Calculate the remainder when (-1 + 2)/((m/(-956))/15) is divided by 32.
30
Let n(t) = -t**3 - 9*t**2 - 15*t - 37. Let b be n(-10). Let a = b + -203. Let o = 26 - 14. What is the remainder when o is divided by a?
2
Let u = -90 + 157. Suppose -2*t - 358 = -9*s, -5*t + 16 = -7*t. What is the remainder when u is divided by s?
29
Let q = 562 - 490. Suppose -q*h - 468 = -76*h. Calculate the remainder when h is divided by 20.
17
Suppose -3*v + 136 = o, 4*o - 272 = 2*o + v. Suppose -2*s = 0, -4*n + 2*s + 204 = -o. What is the remainder when n is divided by 45?
40
Let p(x) = -x + 83. What is the remainder when p(24) is divided by -1*3/(-1) - (-2 + -1)?
5
Let u(o) = -o**2 - 2*o - 9. Let k be u(8). Let l = -60 - k. Suppose 772*i + 2800 = 715*i + 10951. Calculate the remainder when i is divided by l.
27
Let b(p) = 3*p - 5. Suppose 2*y + 5*q - 2*q - 18 = 0, 4*y - 28 = -4*q. Let o be b(y). Suppose 29 + 3 = o*m. What is the remainder when 27 is divided by m?
3
Let c be ((-86)/4)/(4/24*-1). Let n = c + -111. Calculate the remainder when 121 is divided by n.
13
Let c(r) = r**2 + 7*r + 14. Let y be c(-6). Suppose -980 = -y*b - 6*b. Suppose -92*a = -97*a + b. Calculate the remainder when 94 is divided by a.
10
Suppose -4*b + 1 - 9 = 0. What is the remainder when (5*12/2)/(1 + 0) is divided by (b/4)/(2/(-32))?
6
Let n(p) = 3*p**2 + p. Let s(o) = 20*o**2 + 6*o + 12. Let d(l) = -5*n(l) + s(l). Calculate the remainder when 375 is divided by d(-3).
51
Let x be (7/(-6))/(-7)*(-26 + 26). Calculate the remainder when 62*72/16 - (2 + x) is divided by 35.
32
Suppose 2333 = 4*f - 2*x - 2999, -3*f = 4*x - 4032. What is the remainder when f is divided by 334?
0
Suppose 0 = -156*s + 159*s - 5*c - 18, -3*c - 24 = -3*s. What is the remainder when 78 is divided by s?
1
Suppose r + 9 = 4*j, 17*j - 16*j + 9 = 4*r. Suppose 33 = r*z - 30. Calculate the remainder when 81 is divided by z.
18
What is the remainder when 3475 is divided by (-30)/495 - (-1258)/66?
17
Suppose 13 = 15*g - 32. Suppose 112 = 2*c + 2*m, -4*c - 2*m = -3*m - 229. What is the remainder when c is divided by (g + -8)*-1*(2 - -2)?
17
Suppose -5*m - 74 = -2*y, 0 = 2*m + 3*m. What is the remainder when (5 + 3 - 16) + 74 + 3 is divided by y?
32
Let z(a) = -27 + 67 + 9*a - 34 + 0*a. Let f = 1 - -2. Calculate the remainder when z(0) is divided by f.
0
Let m = 25 + -20. Suppose 2*i + 2*v = 25 - 9, m*v - 24 = -i. Suppose 4*x - 35 = -5*b + 15, 0 = -2*b - i. What is the remainder when 28 is divided by x?
13
Let v be (-26)/(-4) - 1/2. Suppose -9444*d + 10 = -9439*d. What is the remainder when 0 + 7 - 6/v is divided by d?
0
Suppose -24*w + 4676 = 4*w. Calculate the remainder when 320 is divided by w.
153
Let c = 2348 - 2337. Calculate the remainder when 3011 is divided by c.
8
Suppose 29*j = 30*j + 3*h - 8, 0 = -j + h - 8. Let v(k) = k**2 - 31*k - 107. What is the remainder when 325 is divided by v(j)?
28
Let g(h) = h**2 - 6*h - 8. Let u be ((-10)/(-150)*24)/(2/(-5)). Calculate the remainder when g(u) is divided by 6.
2
Suppose -212 = -s + 47. Suppose 85 = b - 5*f, -f = 6*b - 2*b - 256. What is the remainder when s is divided by b?
64
Let b(n) = n**2 - 10*n + 14. Let z be b(8). Let y be 2/(-3)*(z - 1) + 53. Let d = y - 52. Calculate the remainder when 43 is divided by d.
1
Let j(w) = -w**3 + 20*w**2 - 19*w + 13. Let z(o) = -2*o + 44. Let n be z(17). Suppose -402 = -n*l + 368. What is the remainder when l is divided by j(19)?
12
Let b(s) = 87*s**2 - 48*s + 22. Suppose -72 = -2*t + 5*m - 2*m, 122 = 4*t + 5*m. Calculate the remainder when b(1) is divided by t.
28
Let h(p) = -p**3 + 10*p**2 - 19*p. Let x be 8/(2/3*3). Suppose 0 = -4*t - 2*w + 338, t - x*w = w + 57. Calculate the remainder when t is divided by h(7).
12
Let n = -10056 + 10255. What is the remainder when n is divided by 65?
4
Suppose 68*t - 128778 = -186*t. What is the remainder when t is divided by 496?
11
Let o(s) = -3*s**2 + 26*s - 9. Let u be o(9). Let j = -4 - -25. What is the remainder when j is divided by 4/(-18) + (-202)/u?
10
Suppose -21 = -s + 8. Let q = -1397 + 1419. Suppose 0 = -9*b + q*b - 1859. Calculate the remainder when b is divided by s.
27
Let m = -2287 - -2299. What is the remainder when 2711 is divided by m?
11
Let h = -272 - -277. Let k(n) = -n**2 + 6*n + 4. Calculate the remainder when 122 is divided by k(h).
5
Let g(o) = 4*o**2 + 2*o - 3*o - 2 + 4. Let f(c) = 11527*c + 69239. Calculate the remainder when f(-6) is divided by g(-2).
17
Suppose -g = -3*g + 218. Let a(l) = -l**3 - 11*l**2 + 10*l - 11. Let s be a(-12). What is the remainder when g is divided by 2 + 13/(s/14)?
13
Let f = -5596 + 6155. Calculate the remainder when f is divided by 96.
79
Let l = -6588 + 6628. Calculate the remainder when 382 is divided by l.
22
Let q = -3892 - -7332. What is the remainder when q is divided by 31?
30
Let y = -8690 + 8744. Calculate the remainder when 1511 is divided by y.
53
Suppose 5*p - 3*t = 134, -6*p + p + 150 = 5*t. Let k = 48 - p. What is the remainder when 77 is divided by k?
17
Let l(z) = 176*z**2 + 3*z + 7. Let g be l(-1). Su